0312
What is -3453a (base 11) in base 2?
-1100001011100111
Convert -bdb (base 15) to base 9.
-3608
What is -112122 (base 3) in base 2?
-110001011
What is 87 (base 9) in base 10?
79
Convert 152d6 (base 14) to base 10.
52716
What is -55213 (base 8) in base 11?
-16462
What is 3b34 (base 12) in base 16?
1a98
-511 (base 9) to base 7
-1132
What is -2204 (base 7) in base 2?
-1100010100
Convert 435 (base 16) to base 12.
759
Convert -360 (base 16) to base 12.
-600
-a4c (base 13) to base 7
-5054
Convert 11252 (base 6) to base 11.
123a
-436 (base 14) to base 5
-11312
What is 21203 (base 4) in base 11?
506
Convert -3304 (base 10) to base 8.
-6350
-4886 (base 10) to base 7
-20150
What is -12311 (base 11) in base 2?
-100010100001110
-313154 (base 7) to base 5
-3211224
Convert 949 (base 11) to base 12.
7b2
What is -10001101010111 (base 2) in base 16?
-2357
Convert 110101100001 (base 2) to base 8.
6541
Convert -45346 (base 7) to base 6.
-125124
Convert -28814 (base 10) to base 6.
-341222
Convert -2571 (base 13) to base 7.
-21354
Convert -2111211220 (base 3) to base 5.
-3040321
What is -2046 (base 7) in base 12?
-500
What is 12055 (base 7) in base 9?
4254
11030 (base 6) to base 11
1171
What is -134645 (base 8) in base 4?
-23212211
What is 23a (base 11) in base 13?
18c
Convert -10022222 (base 3) to base 13.
-114b
Convert -453 (base 9) to base 7.
-1041
10153 (base 7) to base 13
1195
5c (base 15) to base 12
73
10111011100 (base 2) to base 10
1500
-113231 (base 4) to base 7
-4265
10320 (base 6) to base 11
1078
What is 6354 (base 7) in base 9?
3063
3571 (base 9) to base 14
d7a
Convert -8049 (base 12) to base 10.
-13881
Convert -3625 (base 14) to base 10.
-9441
What is 1549 (base 12) in base 3?
10102210
What is 1250 (base 16) in base 15?
15c8
Convert -1694 (base 13) to base 7.
-12500
What is -36e4 (base 15) in base 3?
-121000221
-2404 (base 7) to base 3
-1012211
What is 25014 (base 6) in base 2?
111001100010
What is 1620 (base 10) in base 11?
1243
What is 1236 (base 7) in base 16?
1d4
-10110100100101 (base 2) to base 5
-332212
-15a65 (base 13) to base 12
-1bab3
What is -20c (base 14) in base 11?
-338
What is -4373 (base 9) in base 6?
-22533
What is 301 (base 13) in base 2?
111111100
What is -420210 (base 5) in base 4?
-3113231
101110010101001 (base 2) to base 16
5ca9
Convert 14025 (base 11) to base 6.
232320
Convert 6000 (base 8) to base 16.
c00
Convert 323 (base 12) to base 9.
560
Convert 316 (base 12) to base 10.
450
What is e00 (base 16) in base 15?
10de
Convert -57647 (base 8) to base 4.
-11332213
What is -167 (base 10) in base 16?
-a7
What is -112121 (base 3) in base 5?
-3034
Convert 662 (base 9) to base 8.
1036
What is 2024 (base 5) in base 13?
174
Convert -4a4 (base 12) to base 11.
-587
Convert -242435 (base 6) to base 5.
-1140320
Convert 303223 (base 4) to base 11.
2537
-442331 (base 5) to base 15
-482b
What is 726 (base 9) in base 4?
21033
What is -1686 (base 10) in base 15?
-776
6660 (base 10) to base 4
1220010
Convert 9044 (base 12) to base 15.
4954
-10121200 (base 3) to base 5
-41022
What is -423 (base 13) in base 10?
-705
Convert 176a (base 11) to base 15.
a04
What is -14341 (base 5) in base 16?
-4c5
What is -323242 (base 5) in base 7?
-44165
What is -ae77 (base 16) in base 15?
-d378
143a (base 13) to base 5
43142
Convert 15660 (base 9) to base 11.
808a
What is -1022 (base 6) in base 16?
-e6
Convert 306 (base 9) to base 5.
1444
-309 (base 11) to base 14
-1c8
409b (base 16) to base 9
24616
-aa (base 16) to base 7
-332
What is 542 (base 11) in base 6?
3003
What is 704 (base 14) in base 16?
560
Convert -21116 (base 9) to base 10.
-13947
Convert -34cc (base 15) to base 12.
-65a9
1031312 (base 4) to base 7
20345
141313 (base 7) to base 13
c331
Convert -30 (base 5) to base 4.
-33
What is 34e (base 15) in base 2?
1011101101
What is 20021221 (base 3) in base 6?
33124
What is 1013 (base 7) in base 10?
353
3f8f (base 16) to base 11
11252
Convert -11111001 (base 2) to base 9.
-306
11113231 (base 4) to base 2
101010111101101
What is -7221 (base 14) in base 16?
-4cad
What is -113 (base 5) in base 9?
-36
What is -80d (base 14) in base 5?
-22311
Convert 2a1 (base 14) to base 11.
445
-33 (base 11) to base 6
-100
What is -3de (base 16) in base 4?
-33132
Convert -10145 (base 6) to base 15.
-60b
What is 14686 (base 9) in base 3?
111202220
1102310 (base 5) to base 16
4a88
What is -10130220 (base 4) in base 11?
-12760
-1224 (base 6) to base 8
-460
What is ed (base 16) in base 9?
283
Convert -2271 (base 16) to base 14.
-32db
What is -1621 (base 7) in base 11?
-543
What is -26881 (base 10) in base 8?
-64401
What is -1461 (base 9) in base 16?
-454
What is -42045 (base 6) in base 15?
-1a15
What is 1a956 (base 12) in base 11?
27649
Convert -7453 (base 14) to base 6.
-232521
-5016 (base 8) to base 15
-b69
-796 (base 11) to base 5
-12302
What is -15543 (base 6) in base 2?
-101000010111
Convert 85c (base 15) to base 4.
131133
-389 (base 10) to base 5
-3024
620 (base 7) to base 11
260
What is 34315 (base 10) in base 13?
12808
1d0a (base 14) to base 7
21313
What is 211a (base 12) in base 11?
27a3
What is 5386 (base 11) in base 14?
2840
What is -3634 (base 13) in base 9?
-11437
28 (base 15) to base 9
42
Convert 11011110111 (base 2) to base 11.
1381
What is 10111011111000 (base 2) in base 16?
2ef8
What is 2c78 (base 14) in base 8?
17412
Convert -1000000000 (base 2) to base 8.
-1000
145402 (base 8) to base 9
78254
What is 1661 (base 10) in base 8?
3175
Convert -112 (base 16) to base 4.
-10102
Convert -12512 (base 7) to base 8.
-6415
Convert -101010111011010 (base 2) to base 8.
-52732
22bc (base 16) to base 12
5190
1112011221 (base 3) to base 6
350554
What is 110110000000 (base 2) in base 8?
6600
-60b (base 12) to base 9
-1172
What is 456 (base 11) in base 2?
1000100001
What is 12212002 (base 3) in base 5?
114033
1000002121 (base 3) to base 13
8cb6
What is -30c (base 16) in base 4?
-30030
5c6 (base 16) to base 14
778
-10002101 (base 3) to base 9
-3071
Convert 146 (base 11) to base 14.
c3
-42231 (base 7) to base 12
-6036
What is -2c8 (base 15) in base 13?
-3a1
What is -78b (base 12) in base 5?
-13430
What is 2128 (base 14) in base 12?
3388
-112211 (base 8) to base 5
-2204100
What is -1001010000 (base 2) in base 14?
-304
-13135 (base 6) to base 16
-7d3
52010 (base 6) to base 2
1101100000110
748a (base 12) to base 10
12778
-454 (base 14) to base 8
-1532
Convert 27854 (base 12) to base 7.
315502
Convert 110121 (base 3) to base 7.
664
What is -22 (base 7) in base 5?
-31
What is -664 (base 14) in base 8?
-2360
What is -5802 (base 13) in base 14?
-46d5
1090a (base 11) to base 6
200512
Convert 233102 (base 4) to base 12.
1902
Convert -3231 (base 7) to base 11.
-955
Convert 15516 (base 7) to base 12.
2646
Convert 53264 (base 9) to base 15.
a677
What is 192 (base 11) in base 9?
266
What is 3626 (base 7) in base 13?
7c4
Convert 1012120 (base 3) to base 15.
3d9
-3960 (base 11) to base 4
-1100130
Convert 201a (base 12) to base 7.
13066
What is 10085 (base 9) in base 7?
25232
Convert -564 (base 9) to base 4.
-13033
Convert 534 (base 11) to base 7.
1605
1003233 (base 4) to base 16
10ef
Convert -22d0 (base 16) to base 12.
-51a8
Convert -4ca (base 13) to base 8.
-1512
What is 3a5 (base 12) in base 13?
33b
42232 (base 5) to base 15
c7c
101b6 (base 13) to base 7
150124
Convert 1130120 (base 4) to base 11.
4495
2ce8 (base 16) to base 7
45342
Convert 234111 (base 5) to base 16.
21d0
What is -54330 (base 7) in base 9?
-20520
What is 110012 (base 4) in base 8?
2406
What is -456 (base 9) in base 2?
-101110111
Convert -54610 (base 7) to base 16.
-356e
What is 61065 (base 7) in base 2?
11100111001100
What is 2141112 (base 5) in base 15?
ae8c
-46634 (base 8) to base 6
-231552
Convert 182 (base 14) to base 10.
310
What is 717 (base 16) in base 12?
1073
What is -796 (base 10) in base 14?
-40c
Convert -202b (base 14) to base 7.
-22054
What is 279 (base 14) in base 16?
1f3
-223324 (base 6) to base 13
-87c1
What is -6238 (base 11) in base 12?
-4951
What is -695 (base 12) in base 16?
-3d1
-1101011010 (base 2) to base 16
-35a
What is -10652 (base 7) in base 13?
-1322
What is -3546 (base 9) in base 8?
-5112
Convert 1100 (base 3) to base 6.
100
What is -3fe8 (base 16) in base 3?
-211102221
Convert -10111100 (base 2) t